lse
Suppose 5*b = -2*u - 1451, -3*b - 4*u - 588 = 277. Is (b/2 - 1)*-2 composite?
False
Let v = -648 + 1657. Is v prime?
True
Let h = 4059 + -1022. Is h composite?
False
Let q(o) = 2*o**2 - 5*o + 10*o**2 + 0 + 2. Is q(3) prime?
False
Let q(x) = 3*x**3 + 2*x**2 - x - 7. Let o be q(7). Let c = -666 + o. Is c a composite number?
True
Suppose 4*u = 3*h - 7, 0 = 4*u - 2*h - 0 + 2. Suppose 1857 = -u*f - 5*m, -3*m + 5*m = -2. Let r = 1537 + f. Is r prime?
False
Suppose 9 - 20 = -2*y - o, 4*y + 3*o - 25 = 0. Suppose 0*t + y*t = -40. Is ((-13)/(-2))/((-1)/t) composite?
True
Let z(p) = p**3 - 13*p**2 + 10*p - 12. Let q be z(13). Let c = q + -65. Is c a composite number?
False
Let k = 57 - 33. Suppose 0 = u + 5 - k. Is u a composite number?
False
Let p(k) = -7421*k - 21. Is p(-4) a composite number?
False
Let z be -336*((-4)/2 - -1). Let n = -133 - 57. Let x = n + z. Is x a prime number?
False
Let y(n) = -n**2 + 12*n - 13. Let w be y(9). Let o = w - 12. Suppose -4*a = -o*a - 478. Is a prime?
True
Let b(h) = h**3 - 5*h**2 - 4*h + 5. Suppose 0 = 5*y - 10, 5*u - 51 = -4*y + 2. Is b(u) prime?
True
Let s(g) be the first derivative of 128*g**3/3 - g + 5. Let c = -32 + 33. Is s(c) a prime number?
True
Suppose s = 3*b + 2569 + 4443, -4*s + 28015 = -b. Is s prime?
False
Let l(w) = -w**2 + w + 127. Let x(z) = z - 3. Let y be x(3). Is l(y) a prime number?
True
Is 5/(-35)*1 - 43326/(-21) a composite number?
False
Let u = 10 + -5. Suppose 0 = -v + 3*d + 16, -4*v + 0*d = u*d + 4. Suppose 0 = -v*g + 474 - 86. Is g composite?
False
Let p = 217 + -82. Let q = 6 - 3. Suppose -q*w = -p + 24. Is w prime?
True
Suppose -405*w + 539427 = -384*w. Is w a prime number?
False
Suppose 3*c = -4*i - 54, -90 = 5*c + 7*i - 4*i. Is 2/12 - 1059/c composite?
False
Suppose 0 = 4*k - 2*d + 18, 2*k + d = -5 - 6. Let n = k + 2. Is n/(-1) + (-8)/(-2) a composite number?
False
Let c be ((-8)/(-6))/(4/(-432)). Let h = 61 - c. Is h a prime number?
False
Let w(u) be the first derivative of 145*u**3/3 - 1. Let c = -19 + 20. Is w(c) a prime number?
False
Suppose 2*t = 5*t. Suppose t = -29*j + 27*j + 2168. Suppose -j = -4*k + 304. Is k a composite number?
False
Is 5 + (-11 - -10) - -16074 a prime number?
False
Let v(b) = 3*b + 6. Let h be v(-2). Suppose 9*o - 652 + 157 = h. Is o a composite number?
True
Suppose -5*t = r - 28, 4*r - t - 2*t = -3. Suppose r*o - 6880 = 2249. Is o a prime number?
False
Suppose -f + 4*p + 181 = 4*f, 2*p + 41 = f. Suppose -5*i = 3*c - 65, i + 7 = c + 20. Let v = i + f. Is v a prime number?
False
Suppose 4*v - 792 = z, -v = -2*z + z - 195. Suppose -v = -b + 159. Is b prime?
False
Suppose 8*j - 2*j - 21360 = 0. Suppose 2*y + 4*k = -j, 3*k = -2*y + 3*y + 1755. Is y/(-2) + 48/12 composite?
True
Suppose x + 2*f = 3*x - 5874, 4*f + 14687 = 5*x. Is x a composite number?
False
Let o(d) = 0*d - 49*d - 36 + 14. Is o(-9) a composite number?
False
Let n = 18 + -11. Let r be (-6)/4*28/n. Let k(d) = d**3 + 7*d**2 - 1. Is k(r) composite?
True
Let p(o) = 3*o**3 + 3*o**2 - 3*o + 4. Let f be p(5). Suppose -f = -4*u + 405. Is u prime?
True
Suppose 549 + 3787 = -4*s. Let r = -420 - s. Suppose -n + 290 = 5*b, -4*n + r + 520 = -4*b. Is n a composite number?
True
Suppose 0 = l - 3*p - 2*p - 3371, 0 = 2*p. Is l a prime number?
True
Suppose 2*a - 573 = 335. Let c = -11 - -11. Suppose 3*b = -g + a, 2*g - b - b - 900 = c. Is g prime?
False
Suppose -o + 13*o = 24. Suppose 2*v + 1092 = 4*v + o*w, -3*v + 2*w + 1613 = 0. Is v composite?
False
Let g be 2/(1 + 20/(-28)). Let p(o) = -g*o - 4*o - 10 + 5*o**2 - 3. Is p(-6) prime?
True
Let i(z) = z**2 + 6*z - 5. Let q be i(-7). Suppose q*t = 5*t + 4083. Let c = -808 - t. Is c composite?
True
Suppose -128*h + 120*h = -4912. Is h composite?
True
Is 1/5 - 4276928/(-85) composite?
True
Suppose -6*t + 867 = -3015. Is t composite?
False
Let l = -2647 + 3723. Is 3/((-24)/l)*-2 prime?
True
Let a = -84 - -84. Let d(j) = -5*j**2 + 51 + 2*j + 3*j**2 + j**2. Is d(a) prime?
False
Let b be (-6)/27*33*-348. Let r = b + -710. Is 2/((-3)/r*-4) a prime number?
True
Let b = 16519 + -7616. Is b a composite number?
True
Let o(j) = -j**3 - 8*j**2 - 8*j - 5. Let f be o(-7). Suppose h - 63 + 10 = f*p, 3*h - 3*p - 162 = 0. Is h prime?
False
Let a = -2946 - -6889. Is a a prime number?
True
Let a(n) = 25*n**2 - 3*n - 9. Suppose 0 = 5*q - 5*c - 30, 0*q = -3*q - 2*c + 8. Is a(q) a composite number?
False
Suppose -9*p + 37*p - 56476 = 0. Is p prime?
True
Suppose 0 = 2*o - 2. Let s be 1*o/(-1) - 4. Let t(j) = -12*j - 1. Is t(s) a composite number?
False
Suppose 4*f - 7*o + 5*o - 97942 = 0, -4*f + 3*o = -97947. Is f a composite number?
True
Let o be (30/(-35))/((-1)/(-14)). Is (-1)/((o/(-1671))/(-4)) a composite number?
False
Let l(s) = 2*s**3 + 10*s**2 + 6*s + 5. Let k be l(-8). Let u = 1412 + k. Is u a composite number?
True
Let y = 2369 + -1126. Is y a prime number?
False
Suppose -3*t + d + 5 + 10 = 0, -11 = -2*t + d. Is 4 - 4 - t - -3*215 prime?
True
Suppose 3*p + 164965 - 927538 = 0. Is p a composite number?
True
Suppose -3*p = -3*s - 40770, 4*p + 4*s - 3*s - 54365 = 0. Is p composite?
False
Let u be 8/(-6)*3/(-2). Suppose -v - 5*l + 3 = -17, 0 = u*l. Is (-224)/(-10) + 12/v composite?
False
Let i(j) = 2*j**2 - 5*j - 7. Let f be i(5). Let c = f - 19. Is 1 + c/1 + 413 prime?
False
Is 24 - 18 - (-17370)/2 composite?
True
Let x(n) = -3*n + 29. Let b be x(8). Let j(f) = 56*f + 13. Is j(b) composite?
False
Let h(c) be the first derivative of -16*c**2 + 13*c + 4. Is h(-3) a prime number?
True
Suppose -5*z = -3*s - 227, 0*z + 31 = z + 3*s. Suppose -z*h + 39*h = -844. Is h a composite number?
False
Suppose -95 = q - 2*y, -2*q - 208 = 5*y - 3*y. Let a be -1*(4 + -2)*-2. Is (a + q)*1*-1 a composite number?
False
Let s = -28 - -33. Suppose -s*i + 8*i - 93 = 0. Is i prime?
True
Let i(r) = r + 4. Let a be i(-1). Let t(q) = 557*q + 40. Is t(a) a prime number?
False
Suppose 2*i - 18 + 14 = 0. Suppose 0 = -i*h - h + 3. Is (2/h)/(4/46) composite?
False
Let f(n) = -100*n**2 - 125*n**2 + 1 - 9*n + 240*n**2. Is f(12) a prime number?
True
Let d = -586 + 797. Is d a composite number?
False
Is (-165362)/6*(5 + -8) a composite number?
True
Suppose 4*h + 402 = -4*b - 662, -3*h = 6. Let n = -600 - -418. Let p = n - b. Is p a prime number?
False
Let o(a) = -5*a**3 - a**2 - 3*a + 2. Let l be o(-3). Let s = l - -86. Is s prime?
True
Suppose -28 = -4*d + 24. Suppose -d*i + 15*i - 642 = 0. Is i a composite number?
True
Let o(q) = 6*q**2 - q - 6. Let c be o(-3). Suppose -h - 75 = m - 2*m, m = -5*h + c. Is m prime?
True
Suppose -4*i = n + 7, -2 = -0*i + 2*i + 2*n. Let l(z) = 515*z**2 - 8*z - 7. Is l(i) a prime number?
True
Let n(w) = 44*w**3 - 4*w**2 + 19*w + 24. Is n(5) a prime number?
True
Suppose 0 = z - n - 12, -10 = -5*z - 2*n - 3*n. Suppose 0 = -2*c - 4*s - 68, 2*s - z*s - 121 = 4*c. Is 36/c*(-524)/6 a composite number?
False
Suppose 4*y - 19556 = -4*s, -10*s = 5*y - 7*s - 24445. Is y composite?
False
Suppose 4*y - 2*z = 15 - 3, 3*y + 5*z = 35. Let u be (-1 - 7)*(-6)/24. Suppose 5*h - 4*m - 103 = 0, 0 = -2*h - y*m + u*m + 32. Is h prime?
True
Suppose -8*m + 9*m = 2. Let h(n) = n**3 - 2*n**2 - n. Let d be h(m). Is 292/(d + 6) + -2 composite?
False
Suppose -a = 4*a + 2*w - 3780, -3*a + 2259 = 3*w. Let i = 1443 - a. Is i a prime number?
False
Let c be ((-876)/(-16) - -3)*-4. Let t = 838 + c. Suppose -6*z + t = -947. Is z a composite number?
True
Let m be -2 - (-3 + 5/((-15)/6)). Suppose 2*l = 5*k + m*l - 5203, 2*k - 2072 = -5*l. Is k composite?
True
Let u = 44813 + -12084. Is u composite?
True
Let c(o) = 2*o - 16. Let v be c(12). Suppose -v + 20 = 4*k. Suppose -k*j = 0, 3*z + 2*j + 32 = 197. Is z composite?
True
Suppose 4*l = q + 2 - 21, q + 17 = -5*l. Let f(j) = 10*j**3 + 3*j**2 + j - 2. Is f(q) a prime number?
False
Suppose 0 = -v - i - 4*i + 1107, -2*i = 3*v - 3269. Is v composite?
False
Let z(q) be the third derivative of q**5/12 + 13*q**4/24 + 11*q**3/6 + 16*q**2. Is z(10) a composite number?
False
Is 6/16*-1 - (-308337)/24 prime?
False
Suppose 3*k = 2*k - 608. Let r be (0 + -1)*-3 - k. Let m = -54 + r. Is m composite?
False
Let l = 112 - -14. Let u = l + -84. Let w = 55 + u. Is w prime?
True
Let q(x) = 116*x - 24. Let l(r) = 58*r - 11. Let k(f) = 5*l(f) - 3*q(f). Is k(-19) prime?
False
Let h(j) = -3042*j 